b be -7 + 3 + 13 + 176/(-22). Let v(r) = -39*r**2 - 9*r. Let k = -10 - 1. Let x(z) = 20*z**2 + 5*z. Let i(l) = k*x(l) - 6*v(l). Determine i(b).
13
Let a(q) = q - 2. Let m(f) = -4*f + 12. Let z(r) = 7*a(r) + 2*m(r). Calculate z(12).
-2
Let q(z) = -z**3 + 4*z**2 + z - 2. Suppose 6*i = -27 + 3. Let r be 9/(-6)*(i - -2). What is q(r)?
10
Let n be (10/3)/(-3 - (-100)/36). Let g be 3/n + 18/(-10). Let w(z) = z**3 + 2*z**2 + 2*z + 2. What is w(g)?
-2
Let r(m) = 0*m**3 - 6775*m**2 + 6766*m**2 + m**3 - 5. What is r(9)?
-5
Let z be (78/(-12) - -6)*-10*2. Let t(w) = -w**3 + 11*w**2 - 13*w + 12. Give t(z).
-18
Let o(i) be the first derivative of 2*i**3/3 - 5*i**2/2 + 3*i + 1. Suppose -b - 4*l + 4 = 0, 6*b - 2*b + 3*l = 3. Suppose -3*v + v + 6 = b. Calculate o(v).
6
Let d = -24 + 33. Let s(u) = d*u - 2 - 4 + u**2 + u + 0. Calculate s(-10).
-6
Let c(p) = -33*p - 933. Let v be c(-28). Let u(d) = 3*d + 39. Let b(a) = -2*a - 26. Let w(y) = 7*b(y) + 5*u(y). Give w(v).
4
Suppose 7*b - 2*b + 1 = -w, w = -4*b. Let m(i) = i - 9. Let k be m(12). Let l(o) = 0*o - k*o - 3 + 3*o + 2*o. Give l(w).
5
Let x(s) = -s**3 - 10*s**2 - 7*s + 1. Suppose 3*q = -2*u + 9 + 6, 0 = 3*q - 2*u - 3. Suppose 0 = q*d + 60 - 33. Calculate x(d).
-17
Let j(b) = -b - 2. Suppose -5*m + 10 = 0, 5*r - m - 142 = -2*m. Let d be 5/15 + r/(-3). Let g(p) = -p**3 - 10*p**2 - 9*p - 2. Let z be g(d). Determine j(z).
0
Let z(t) = 8*t + 1. Let u(x) = -34*x - 5. Let q(g) = 2*u(g) + 9*z(g). Let l be (6/8)/((-2)/8). Determine q(l).
-13
Let r(o) = -o**3 - 6*o**2 - 5*o - 1. Let m(n) = n**3 - 2*n**2 + 3*n. Let t be m(3). Let l be (-9)/t + (-13)/2. Let i be -2 + (-7)/(l/(-3)). Give r(i).
-1
Let q(w) = 50 + w**2 + 0*w**2 - 6*w - 59. What is q(7)?
-2
Let o(c) = c + 0*c + 7 - 2*c. Let q = -8 - -128. Let u be (4/(-5))/((-16)/q). Determine o(u).
1
Let y be (-24)/(-40)*(-30)/(-9). Suppose -3*a = -y*a + 1. Let o(m) = 4*m**3 + m**2 + 2*m + 1. What is o(a)?
-4
Let q be 0 + -2 + (-1 - -1). Let w(y) = -2*y - 3. Let d be w(q). Let s(m) = -6*m**3 - m**2 + 1. Let x be s(d). Let c(n) = n + 11. Give c(x).
5
Let k(v) = v**2 + 9*v + 10. Let u be k(-7). Let s(l) = -7*l - 8. Let m(j) = -3*j - 3. Let x(o) = -9*m(o) + 4*s(o). Determine x(u).
-1
Let l be 6/4*12/9. Let c(p) be the first derivative of 5*p**3/3 - 3*p**2/2 - 474. Determine c(l).
14
Let t = 386 + -227. Let i(l) = -3*l + 154 - t + 0*l - l. Let h be 2 - (-3 + 33/3). Calculate i(h).
19
Let w(l) = 14*l**2 - 3*l. Let i(n) = -38*n - 188. Let s be i(-5). Give w(s).
50
Let h(p) = p + 14. Let j(t) = -2*t - 29. Let o(a) = 9*h(a) + 4*j(a). Let b be (2/5)/(18/90). Suppose -3*u + b - 17 = 0. Calculate o(u).
5
Suppose 5*m + 6*u - 24 = 7*u, -8 = 2*u. Let j(v) be the third derivative of -v**6/120 + v**5/20 + v**4/8 + v**3/6 + 2*v**2. Give j(m).
-3
Let z(g) = 23*g + 2. Let h(j) = -26*j - 2. Let s(n) = -4*h(n) - 5*z(n). Calculate s(4).
-46
Let k be 22/(3 - 1) - (-3 + 9). Let d(x) be the third derivative of 0 + 1/8*x**4 + 5*x**2 + 0*x - 1/60*x**k + 2/3*x**3. Determine d(3).
4
Let r(q) = 4*q - 36. Let t(d) = d - 8. Let c(a) = 2*r(a) - 9*t(a). Let j be -7 + 2/(6/3). Determine c(j).
6
Let m(a) = 6*a**2 - 4*a + 10*a - 2*a**2 - 5*a**2 - 6. Let k = 15 - 9. Let q be m(k). Let b(r) = -r**3 - 6*r**2 - r - 3. What is b(q)?
3
Let z(l) = 3*l**2 + 26*l - 5. Let k be z(-9). Let s(h) = -h + 1. Determine s(k).
-3
Suppose 0 = -0*v - v + 1, 4*p = 3*v - 3. Let j be 1492/34 + 14/119. Let q(r) = -2*r**3 - j + 48 + r**3. Calculate q(p).
4
Suppose 5*m + 3*z = 0, 4*z = 3*m - 8 - 21. Let h(f) = -942*f**2 + 0 + 3 + 941*f**2. What is h(m)?
-6
Let j be (-3 + 44/12)/(8/(-60)). Let n(q) = q**2 + 1. What is n(j)?
26
Let q(r) = -r**3 - 3*r**2 + 6*r + 6. Let u be q(-4). Let t(i) be the first derivative of i**3 + 1/4*i**4 + 6 + 1/2*i**2 + i. What is t(u)?
3
Let j be 2/(-6) - 40/6. Let m(p) = 239*p**2 - 8*p - 494*p**2 + 5 + 254*p**2. What is m(j)?
12
Let c(d) be the third derivative of d**6/120 + d**5/10 - d**4/4 - 4*d**3/3 - 12*d**2. Suppose 18 - 1 = -3*h - y, 0 = 5*y - 5. Give c(h).
28
Let g be (-50)/(-100) + 33/6. Let c(w) = -w**3 + 6*w**2 + w - 12. Calculate c(g).
-6
Let m(j) be the second derivative of -j**4/12 + j**3/6 - 3*j**2/2 + 3*j + 49. What is m(0)?
-3
Let k(m) = -11*m**3 - 4*m**2 - 8. Let w(r) = 5*r**3 + 2*r**2 + 4. Let q(x) = -4*k(x) - 9*w(x). Determine q(-4).
28
Let y(j) = -3 + 1 + 2*j**2 - 8*j - 11 + 2 + 2. Determine y(8).
55
Let m(l) = l**2 - 5. Let w be ((-25)/(-10))/((-1)/(-2)). Calculate m(w).
20
Let h(b) = 11*b**3 + 2*b**2 + 5*b - 6. Let q(c) = 13*c**3 + c**2 + 5*c - 7. Let f(u) = 6*h(u) - 5*q(u). What is f(-6)?
5
Let w(p) = -3*p**2 + 4*p - 4. Let s be (1170/9)/10 - 10. Determine w(s).
-19
Let t(s) = -2*s**2 + 8*s. Let g(i) = -i**3 - 11*i**2 + i + 16. Let v be g(-11). Let h(b) = -2*b**2 + 7*b. Let p(j) = v*t(j) - 6*h(j). Calculate p(2).
4
Suppose -35 = -9*q + 2*q. Let l(o) = q*o**2 - 5*o - 3 - 4 + 0*o + o**3 + o. What is l(-5)?
13
Let t(o) = -o + 3. Let f be 2 - -1 - (-1 - -2). Suppose -3*v = -f*x - x + 30, 3*x - 28 = v. Determine t(x).
-6
Let l(v) be the third derivative of -v**4/24 + v**3/6 + 21*v**2 - 15. Suppose 0 - 3 = -a. What is l(a)?
-2
Let q(s) be the first derivative of 3 - 7/2*s**2 + 1/3*s**3 + 6*s. What is q(7)?
6
Suppose -g - g - k - 7 = 0, -g = k + 3. Let x(m) be the second derivative of -m**4/12 - m**3 - 3*m**2/2 + 205*m. Calculate x(g).
5
Suppose 0*m = 5*m. Suppose -a - 4 = -m*b + 2*b, 5*a = -b - 11. Let z(s) be the third derivative of -3*s**4/4 - s**3/6 + 9*s**2 + 4. Calculate z(b).
17
Let j(q) = 0*q**2 - 8*q**2 + 8173*q - 8176*q + q**3 - 8. Calculate j(8).
-32
Let q(z) = -z**2 - 6*z + 9. Let m(h) = h - 1. Let x(t) = -3*m(t) - q(t). Give x(-6).
12
Let l(y) = -y**2 + 1. Suppose -5*o + 4*w = 13, 2*o = -w - 4*w + 8. Let k(x) = 2*x**2 + 3*x - 2. Let j(c) = o*k(c) - 3*l(c). What is j(-2)?
9
Let r be (-2 + 54/15)*(9 + -4). Let b(v) = -v**3 - 4 - r*v**2 - 48*v + 92*v - 52*v. Calculate b(-7).
3
Let p be (-2)/5 - 22/(-5). Let b(f) be the second derivative of -2*f**3/3 + 2*f**2 + 8*f. What is b(p)?
-12
Let o(t) = t**3 - 25*t**2. Let h be o(25). Let d(z) = -2*z**3 - 2*z**3 + z + 5*z**3 + 4. What is d(h)?
4
Let o(f) = 2*f + 135 - 68 - 3*f**3 - 2*f**2 - 70 - f**2. Calculate o(-3).
45
Let d(t) = 5*t - 2. Suppose -5*p = p - 6. Calculate d(p).
3
Let h(n) = -47 - 15*n + 47*n + 112 + 3*n**2 - 46. Determine h(-10).
-1
Let w(z) = z - 5. Suppose 10*i = 9*i + 16. Let k = i - 5. Suppose -2*q + k + 3 = 0. Determine w(q).
2
Let j(b) = 2*b**3 - 10*b**2 - 8*b - 5. Let k(n) = -3*n**3 + 22*n**2 + 18*n + 10. Let z(v) = 5*j(v) + 3*k(v). Determine z(-15).
20
Let n(c) = -4*c**2 + 5*c - 8. Let f(x) be the second derivative of -x**4/4 + 5*x**3/6 - 7*x**2/2 - 32*x. Let k(z) = -3*f(z) + 2*n(z). What is k(5)?
5
Let a = 3068 + -3071. Let f(v) = -5 + v - v**2 + 5 + 4. Give f(a).
-8
Let z = 16 - 12. Let x(t) = -3*t - 1 + z*t + 6*t**2 - t. Let f be x(-1). Let w(h) = h**2 - 4*h - 7. What is w(f)?
-2
Let a(u) be the third derivative of -u**5/30 - u**3/3 + u**2. Suppose 3*b = n - 8, 0 = 12*b - 14*b - 2*n. Give a(b).
-10
Let b(n) = -2*n + 2. Let g be (-10)/95 - ((-432)/(-76))/3. Give b(g).
6
Let i(r) = -3*r + 11. Suppose -10*t - 860 + 930 = 0. Calculate i(t).
-10
Let g(a) = -2 - 3 + 3*a**2 - 4*a**2 + 2*a**2 + a. Let r = 852 + -857. Give g(r).
15
Let a(c) be the third derivative of -c**7/5040 + c**6/240 - c**5/20 - 6*c**2. Let s(g) be the third derivative of a(g). What is s(4)?
-1
Let t(j) = -2*j + 6*j + 1 + 2 - 3*j. Let u be 8 + (-8 - (-4 + -1)). Determine t(u).
8
Suppose 5*y + 84 = -y. Let u = -6 - y. Let a(m) = -m**2 + 8*m - 3. Calculate a(u).
-3
Suppose 5*c - 5*l = 0, -3*l = 2*c - 16 + 1. Let f(n) = -3*n + 0*n - n**c + 1 - n + 6*n**2. Let o = -78 + 83. Determine f(o).
6
Let b = -80 + 179. Let s(y) = -209 + b - 4*y + y**2 + 103. Calculate s(5).
-2
Let t(d) = d**2 + 4*d - 7. Let g(i) be the third derivative of -i**4/8 + 5*i**3/6 - 6*i**2. Let a be g(5). Let x = 4 + a. Calculate t(x).
5
Let j = -10 - -16. Let g(n) = 59*n**3 - 22*n**3 + 3*n + 2 - 25*n**3 - 13*n**3 + 5*n**2. What is g(j)?
-16
Let x(v) = -2*v + v**2 - 2*v**2 - 2 + 0*v. Let h be -3 + 7 - (-5 - -5). Let d be (-4)/(-6)*(-12)/h. What is x(d)?
-2
Let y(g) = -g**2 + 5*g - 3. Suppose 7*s + 4263 = 4284. What is y(s)?
3
Let h(l) be the second derivative of -5*l**5/24 - 5*l*